 remainder when 1150 is divided by 233.
218
What is the remainder when 168 is divided by 66?
36
Calculate the remainder when 294 is divided by 51.
39
What is the remainder when 14 is divided by 5?
4
What is the remainder when 783 is divided by 129?
9
What is the remainder when 271 is divided by 20?
11
What is the remainder when 117 is divided by 117?
0
What is the remainder when 1133 is divided by 148?
97
What is the remainder when 646 is divided by 187?
85
What is the remainder when 2109 is divided by 16?
13
What is the remainder when 5916 is divided by 97?
96
Calculate the remainder when 6318 is divided by 631.
8
Calculate the remainder when 1635 is divided by 91.
88
Calculate the remainder when 1111 is divided by 256.
87
What is the remainder when 191 is divided by 182?
9
Calculate the remainder when 137 is divided by 133.
4
What is the remainder when 552 is divided by 81?
66
What is the remainder when 164 is divided by 66?
32
What is the remainder when 517 is divided by 74?
73
What is the remainder when 159 is divided by 4?
3
Calculate the remainder when 4715 is divided by 157.
5
Calculate the remainder when 192 is divided by 41.
28
What is the remainder when 2559 is divided by 6?
3
Calculate the remainder when 74 is divided by 21.
11
What is the remainder when 798 is divided by 31?
23
What is the remainder when 537 is divided by 17?
10
Calculate the remainder when 422 is divided by 44.
26
Calculate the remainder when 76 is divided by 23.
7
Calculate the remainder when 1751 is divided by 45.
41
Calculate the remainder when 65 is divided by 30.
5
Calculate the remainder when 174 is divided by 96.
78
Calculate the remainder when 352 is divided by 6.
4
What is the remainder when 82 is divided by 17?
14
Calculate the remainder when 189 is divided by 94.
1
What is the remainder when 2285 is divided by 11?
8
What is the remainder when 5169 is divided by 12?
9
What is the remainder when 245 is divided by 31?
28
What is the remainder when 375 is divided by 7?
4
What is the remainder when 138 is divided by 28?
26
Calculate the remainder when 3346 is divided by 93.
91
Calculate the remainder when 120 is divided by 9.
3
What is the remainder when 1437 is divided by 160?
157
What is the remainder when 79 is divided by 14?
9
Calculate the remainder when 21 is divided by 9.
3
What is the remainder when 302 is divided by 123?
56
What is the remainder when 1977 is divided by 43?
42
Calculate the remainder when 302 is divided by 27.
5
Calculate the remainder when 53 is divided by 24.
5
Calculate the remainder when 1775 is divided by 6.
5
Calculate the remainder when 6906 is divided by 44.
42
What is the remainder when 2394 is divided by 47?
44
Calculate the remainder when 1411 is divided by 79.
68
What is the remainder when 7629 is divided by 72?
69
Calculate the remainder when 8305 is divided by 39.
37
Calculate the remainder when 3289 is divided by 274.
1
What is the remainder when 680 is divided by 36?
32
Calculate the remainder when 4018 is divided by 134.
132
What is the remainder when 444 is divided by 154?
136
Calculate the remainder when 419 is divided by 141.
137
Calculate the remainder when 563 is divided by 72.
59
Calculate the remainder when 42 is divided by 14.
0
Calculate the remainder when 817 is divided by 63.
61
What is the remainder when 17358 is divided by 70?
68
Calculate the remainder when 49 is divided by 30.
19
What is the remainder when 6260 is divided by 174?
170
Calculate the remainder when 3355 is divided by 60.
55
Calculate the remainder when 1089 is divided by 13.
10
What is the remainder when 1345 is divided by 33?
25
Calculate the remainder when 2034 is divided by 28.
18
What is the remainder when 580 is divided by 6?
4
What is the remainder when 9095 is divided by 140?
135
What is the remainder when 1526 is divided by 282?
116
What is the remainder when 229 is divided by 53?
17
What is the remainder when 161 is divided by 55?
51
What is the remainder when 1117 is divided by 20?
17
What is the remainder when 541 is divided by 44?
13
Calculate the remainder when 439 is divided by 7.
5
What is the remainder when 205 is divided by 15?
10
What is the remainder when 257 is divided by 10?
7
What is the remainder when 293 is divided by 61?
49
Calculate the remainder when 83 is divided by 13.
5
Calculate the remainder when 237 is divided by 60.
57
What is the remainder when 216 is divided by 30?
6
What is the remainder when 336 is divided by 148?
40
What is the remainder when 85 is divided by 29?
27
What is the remainder when 778 is divided by 387?
4
What is the remainder when 764 is divided by 24?
20
Calculate the remainder when 575 is divided by 20.
15
Calculate the remainder when 2004 is divided by 1989.
15
What is the remainder when 297 is divided by 54?
27
Calculate the remainder when 93 is divided by 25.
18
Calculate the remainder when 2408 is divided by 11.
10
Calculate the remainder when 5353 is divided by 122.
107
What is the remainder when 398 is divided by 222?
176
What is the remainder when 1077 is divided by 8?
5
Calculate the remainder when 125 is divided by 120.
5
What is the remainder when 5594 is divided by 130?
4
Calculate the remainder when 1983 is divided by 653.
24
What is the remainder when 57 is divided by 21?
15
What is the remainder when 2128 is divided by 239?
216
What is the remainder when 657 is divided by 14?
13
Calculate the remainder when 67 is divided by 3.
1
Calculate the remainder when 336 is divided by 245.
91
Calculate the remainder when 6726 is divided by 29.
27
What is the remainder when 188 is divided by 21?
20
Calculate the remainder when 38 is divided by 14.
10
What is the remainder when 228 is divided by 21?
18
What is the remainder when 205 is divided by 69?
67
Calculate the remainder when 118 is divided by 70.
48
Calculate the remainder when 1979 is divided by 132.
131
Calculate the remainder when 89 is divided by 10.
9
Calculate the remainder when 112 is divided by 94.
18
Calculate the remainder when 111 is divided by 41.
29
Calculate the remainder when 127 is divided by 5.
2
Calculate the remainder when 158 is divided by 4.
2
Calculate the remainder when 247 is divided by 24.
7
Calculate the remainder when 446 is divided by 40.
6
What is the remainder when 2247 is divided by 30?
27
Calculate the remainder when 61 is divided by 36.
25
Calculate the remainder when 731 is divided by 365.
1
What is the remainder when 154 is divided by 148?
6
Calculate the remainder when 464 is divided by 80.
64
What is the remainder when 427 is divided by 103?
15
What is the remainder when 108 is divided by 16?
12
Calculate the remainder when 317 is divided by 80.
77
Calculate the remainder when 1914 is divided by 37.
27
Calculate the remainder when 105 is divided by 19.
10
Calculate the remainder when 549 is divided by 30.
9
What is the remainder when 108 is divided by 29?
21
Calculate the remainder when 136 is divided by 26.
6
Calculate the remainder when 124 is divided by 84.
40
What is the remainder when 1450 is divided by 57?
25
Calculate the remainder when 245 is divided by 80.
5
Calculate the remainder when 44 is divided by 31.
13
Calculate the remainder when 1317 is divided by 6.
3
What is the remainder when 16 is divided by 16?
0
What is the remainder when 369 is divided by 134?
101
What is the remainder when 145 is divided by 35?
5
Calculate the remainder when 180 is divided by 48.
36
Calculate the remainder when 1871 is divided by 12.
11
What is the remainder when 89 is divided by 18?
17
What is the remainder when 4260 is divided by 1414?
18
Calculate the remainder when 2064 is divided by 616.
216
Calculate the remainder when 541 is divided by 272.
269
What is the remainder when 394 is divided by 21?
16
Calculate the remainder when 680 is divided by 187.
119
What is the remainder when 526 is divided by 12?
10
What is the remainder when 109 is divided by 28?
25
Calculate the remainder when 4933 is divided by 103.
92
What is the remainder when 375 is divided by 64?
55
What is the remainder when 2780 is divided by 121?
118
What is the remainder when 269 is divided by 82?
23
What is the remainder when 1608 is divided by 62?
58
Calculate the remainder when 112 is divided by 49.
14
Calculate the rem